{"id":14,"date":"2015-05-29T06:04:29","date_gmt":"2015-05-29T06:04:29","guid":{"rendered":"http:\/\/guidoknaus.ch\/klassenlager15\/?page_id=14"},"modified":"2015-06-03T20:30:42","modified_gmt":"2015-06-03T20:30:42","slug":"mittwoch","status":"publish","type":"page","link":"https:\/\/guidoknaus.ch\/klassenlager15\/?page_id=14","title":{"rendered":"Mittwoch"},"content":{"rendered":"<h3><a href=\"http:\/\/guidoknaus.ch\/klassenlager15\/wp-content\/uploads\/2015\/05\/RheTu2.jpg\"><img loading=\"lazy\" decoding=\"async\" class=\"alignnone size-large wp-image-102\" src=\"http:\/\/guidoknaus.ch\/klassenlager15\/wp-content\/uploads\/2015\/05\/RheTu2-1024x313.jpg\" alt=\"RheTu2\" width=\"810\" height=\"248\" srcset=\"https:\/\/guidoknaus.ch\/klassenlager15\/wp-content\/uploads\/2015\/05\/RheTu2-1024x313.jpg 1024w, https:\/\/guidoknaus.ch\/klassenlager15\/wp-content\/uploads\/2015\/05\/RheTu2-300x92.jpg 300w, https:\/\/guidoknaus.ch\/klassenlager15\/wp-content\/uploads\/2015\/05\/RheTu2.jpg 1500w\" sizes=\"(max-width: 810px) 100vw, 810px\" \/><\/a><\/h3>\n<h3>Programm<\/h3>\n<p>Das Auengebiet Eggrank-Thurspitz z\u00e4hlt zu den wertvollsten Auengebieten der Schweiz. Auf einer Thursafari lernten wir vieles \u00fcber die Natur dieser Landschaft kennen. Anschliessend konnte eine wohlverdiente Abk\u00fchlung im angrenzenden Schwimmbad Flach genossen werden oder die Ausstellung Thurauen mit dem Erlebnisweg erkundet werden. Anschliessend wanderten wir zum Irchelturm und genossen die wunderbare Aussicht.<\/p>\n<p>Mit einer beeindruckenden Modeschau startete\u00a0der Abschlussabend. Die anschliessende Show KSDS (Klasse sucht den Superstar). Sieger wurden Alessia,\u00a0Mirjam und Tonia. Bei der Modeschau gingen\u00a0Yanik und Roberto bei den Jungs und bei den M\u00e4dchen Sarah und Elin als Sieger hervor. Mit einem P\u00e4\u00e4rlitanz wurde\u00a0der tolle Abschlussabend beendet.<\/p>\n<p>&nbsp;<\/p>\n<h3>Fotos<\/h3>\n<ul>\n<li><a href=\"https:\/\/www.flickr.com\/photos\/guidoknaus\/sets\/72157651639736723\/\" target=\"_blank\">Fotos 3. Tag<\/a><\/li>\n<\/ul>\n<h3>Videos<\/h3>\n<ul>\n<li><a href=\"https:\/\/vimeo.com\/129685402\" target=\"_blank\">Livio<\/a><\/li>\n<li><a href=\"https:\/\/vimeo.com\/129689090\" target=\"_blank\">Michael<\/a><\/li>\n<li><a href=\"https:\/\/vimeo.com\/129683824\" target=\"_blank\">Reena<\/a><\/li>\n<li><a href=\"https:\/\/vimeo.com\/129687644\" target=\"_blank\">Sarah<\/a><\/li>\n<li><a href=\"https:\/\/vimeo.com\/129682789\" target=\"_blank\">Tonia<\/a><\/li>\n<li><a href=\"https:\/\/vimeo.com\/129680893\" target=\"_blank\">Yanik<\/a><\/li>\n<\/ul>\n","protected":false},"excerpt":{"rendered":"<p>Programm Das Auengebiet Eggrank-Thurspitz z\u00e4hlt zu den wertvollsten Auengebieten der Schweiz. Auf einer Thursafari lernten wir vieles \u00fcber die Natur dieser Landschaft kennen. Anschliessend konnte eine wohlverdiente Abk\u00fchlung im angrenzenden [&hellip;]<\/p>\n","protected":false},"author":1,"featured_media":101,"parent":0,"menu_order":3,"comment_status":"closed","ping_status":"open","template":"","meta":{"footnotes":""},"_links":{"self":[{"href":"https:\/\/guidoknaus.ch\/klassenlager15\/index.php?rest_route=\/wp\/v2\/pages\/14"}],"collection":[{"href":"https:\/\/guidoknaus.ch\/klassenlager15\/index.php?rest_route=\/wp\/v2\/pages"}],"about":[{"href":"https:\/\/guidoknaus.ch\/klassenlager15\/index.php?rest_route=\/wp\/v2\/types\/page"}],"author":[{"embeddable":true,"href":"https:\/\/guidoknaus.ch\/klassenlager15\/index.php?rest_route=\/wp\/v2\/users\/1"}],"replies":[{"embeddable":true,"href":"https:\/\/guidoknaus.ch\/klassenlager15\/index.php?rest_route=%2Fwp%2Fv2%2Fcomments&post=14"}],"version-history":[{"count":20,"href":"https:\/\/guidoknaus.ch\/klassenlager15\/index.php?rest_route=\/wp\/v2\/pages\/14\/revisions"}],"predecessor-version":[{"id":113,"href":"https:\/\/guidoknaus.ch\/klassenlager15\/index.php?rest_route=\/wp\/v2\/pages\/14\/revisions\/113"}],"wp:featuredmedia":[{"embeddable":true,"href":"https:\/\/guidoknaus.ch\/klassenlager15\/index.php?rest_route=\/wp\/v2\/media\/101"}],"wp:attachment":[{"href":"https:\/\/guidoknaus.ch\/klassenlager15\/index.php?rest_route=%2Fwp%2Fv2%2Fmedia&parent=14"}],"curies":[{"name":"wp","href":"https:\/\/api.w.org\/{rel}","templated":true}]}}