{"id":33,"date":"2016-12-30T07:26:47","date_gmt":"2016-12-30T07:26:47","guid":{"rendered":"http:\/\/guidoknaus.ch\/?page_id=33"},"modified":"2023-12-11T18:05:46","modified_gmt":"2023-12-11T18:05:46","slug":"news","status":"publish","type":"page","link":"https:\/\/guidoknaus.ch\/?page_id=33","title":{"rendered":"News"},"content":{"rendered":"<h3>Pers\u00f6nliches Wissensmanagement<\/h3>\n<blockquote>\n<p>Gebildet ist, wer wei\u00df, wo er findet, was er nicht wei\u00df.<br \/>(Georg Simpel)<\/p>\n<\/blockquote>\n<p>Alle meine News-Seiten zu Medien, Informatik und Anwendung, zu Jugendmedienschutz, Medienkompetenz, Windows und Mac in der Schule, Lernen mit iPad und Lehrplan 21, usw..<\/p>\n<p><a href=\"https:\/\/www.scoop.it\/u\/guido-knaus\" target=\"_blank\" rel=\"noopener noreferrer\">Guido Knaus Scoop.it<\/a><\/p>\n<\/p>\n\n\n<figure class=\"wp-block-table is-style-stripes\"><table class=\"has-fixed-layout\"><tbody><tr><td><\/td><td><iframe loading=\"lazy\" src=\"https:\/\/www.scoop.it\/embed-topic\/17215206.html?maxwidth=300\" width=\"300\" height=\"300\" frameborder=\"0\" scrolling=\"no\"><\/iframe><\/td><td><\/td><\/tr><\/tbody><\/table><\/figure>\n\n\n\n<figure class=\"wp-block-table\"><table class=\"\"><tbody><tr><td><iframe src='https:\/\/www.scoop.it\/embed-topic\/12678812.html?maxwidth=300'  width='300' height='300' frameBorder='0' scrolling='no'><\/iframe><\/td><td><iframe src='https:\/\/www.scoop.it\/embed-topic\/801444.html?maxwidth=300'  width='300' height='300' frameBorder='0' scrolling='no'><\/iframe><\/td><td><iframe src='https:\/\/www.scoop.it\/embed-topic\/800160.html?maxwidth=300'  width='300' height='300' frameBorder='0' scrolling='no'><\/iframe><\/td><\/tr><tr><td><iframe src='https:\/\/www.scoop.it\/embed-topic\/1647255.html?maxwidth=300'  width='300' height='300' frameBorder='0' scrolling='no'><\/iframe><\/td><td><iframe src='https:\/\/www.scoop.it\/embed-topic\/831047.html?maxwidth=300'  width='300' height='300' frameBorder='0' scrolling='no'><\/iframe><\/td><td><iframe src='https:\/\/www.scoop.it\/embed-topic\/2318082.html?maxwidth=300'  width='300' height='300' frameBorder='0' scrolling='no'><\/iframe><\/td><\/tr><tr><td><iframe src='https:\/\/www.scoop.it\/embed-topic\/888212.html?maxwidth=300'  width='300' height='300' frameBorder='0' scrolling='no'><\/iframe><\/td><td><iframe src='https:\/\/www.scoop.it\/embed-topic\/3296802.html?maxwidth=300'  width='300' height='300' frameBorder='0' scrolling='no'><\/iframe><\/td><td><iframe src='https:\/\/www.scoop.it\/embed-topic\/2994083.html?maxwidth=300'  width='300' height='300' frameBorder='0' scrolling='no'><\/iframe><\/td><\/tr><tr><td><iframe src='https:\/\/www.scoop.it\/embed-topic\/3295454.html?maxwidth=300'  width='300' height='300' frameBorder='0' scrolling='no'><\/iframe><\/td><td><iframe src='https:\/\/www.scoop.it\/embed-topic\/3828409.html?maxwidth=300'  width='300' height='300' frameBorder='0' scrolling='no'><\/iframe><\/td><td><iframe src='https:\/\/www.scoop.it\/embed-topic\/7163339.html?maxwidth=300'  width='300' height='300' frameBorder='0' scrolling='no'><\/iframe><\/td><\/tr><tr><td><iframe src='https:\/\/www.scoop.it\/embed-topic\/6231541.html?maxwidth=300'  width='300' height='300' frameBorder='0' scrolling='no'><\/iframe><\/td><td><iframe src='https:\/\/www.scoop.it\/embed-topic\/6265025.html?maxwidth=300'  width='300' height='300' frameBorder='0' scrolling='no'><\/iframe><\/td><td><iframe src='https:\/\/www.scoop.it\/embed-topic\/6268009.html?maxwidth=300'  width='300' height='300' frameBorder='0' scrolling='no'><\/iframe><\/td><\/tr><\/tbody><\/table><\/figure>\n","protected":false},"excerpt":{"rendered":"<p>Pers\u00f6nliches Wissensmanagement Gebildet ist, wer wei\u00df, wo er findet, was er nicht wei\u00df.(Georg Simpel) Alle meine News-Seiten zu Medien, Informatik und Anwendung, [&hellip;]<\/p>\n","protected":false},"author":1,"featured_media":0,"parent":0,"menu_order":0,"comment_status":"closed","ping_status":"closed","template":"page-templates\/page_fullwidth.php","meta":{"footnotes":""},"class_list":["post-33","page","type-page","status-publish","hentry"],"_links":{"self":[{"href":"https:\/\/guidoknaus.ch\/index.php?rest_route=\/wp\/v2\/pages\/33","targetHints":{"allow":["GET"]}}],"collection":[{"href":"https:\/\/guidoknaus.ch\/index.php?rest_route=\/wp\/v2\/pages"}],"about":[{"href":"https:\/\/guidoknaus.ch\/index.php?rest_route=\/wp\/v2\/types\/page"}],"author":[{"embeddable":true,"href":"https:\/\/guidoknaus.ch\/index.php?rest_route=\/wp\/v2\/users\/1"}],"replies":[{"embeddable":true,"href":"https:\/\/guidoknaus.ch\/index.php?rest_route=%2Fwp%2Fv2%2Fcomments&post=33"}],"version-history":[{"count":22,"href":"https:\/\/guidoknaus.ch\/index.php?rest_route=\/wp\/v2\/pages\/33\/revisions"}],"predecessor-version":[{"id":1422,"href":"https:\/\/guidoknaus.ch\/index.php?rest_route=\/wp\/v2\/pages\/33\/revisions\/1422"}],"wp:attachment":[{"href":"https:\/\/guidoknaus.ch\/index.php?rest_route=%2Fwp%2Fv2%2Fmedia&parent=33"}],"curies":[{"name":"wp","href":"https:\/\/api.w.org\/{rel}","templated":true}]}}